CRAN Package Check Results for Package here

Last updated on 2024-02-22 08:54:10 CET.

Flavor Version Tinstall Tcheck Ttotal Status Flags
r-devel-linux-x86_64-debian-clang 1.0.1 NOTE
r-devel-linux-x86_64-debian-gcc 1.0.1 1.35 25.83 27.18 NOTE
r-devel-linux-x86_64-fedora-clang 1.0.1 44.39 NOTE
r-devel-linux-x86_64-fedora-gcc 1.0.1 55.92 NOTE
r-devel-windows-x86_64 1.0.1 3.00 49.00 52.00 NOTE
r-patched-linux-x86_64 1.0.1 2.12 32.03 34.15 NOTE
r-release-linux-x86_64 1.0.1 2.14 32.43 34.57 NOTE
r-release-macos-arm64 1.0.1 26.00 NOTE
r-release-macos-x86_64 1.0.1 37.00 NOTE
r-release-windows-x86_64 1.0.1 3.00 52.00 55.00 NOTE
r-oldrel-macos-arm64 1.0.1 24.00 NOTE
r-oldrel-windows-x86_64 1.0.1 4.00 57.00 61.00 NOTE

Check Details

Version: 1.0.1
Check: LazyData
Result: NOTE 'LazyData' is specified without a 'data' directory Flavors: r-devel-linux-x86_64-debian-clang, r-devel-linux-x86_64-debian-gcc, r-devel-linux-x86_64-fedora-clang, r-devel-linux-x86_64-fedora-gcc, r-devel-windows-x86_64, r-patched-linux-x86_64, r-release-linux-x86_64, r-release-macos-arm64, r-release-macos-x86_64, r-release-windows-x86_64, r-oldrel-macos-arm64, r-oldrel-windows-x86_64