CRAN Package Check Results for Package hglm.data

Last updated on 2024-02-21 00:54:30 CET.

Flavor Version Tinstall Tcheck Ttotal Status Flags
r-devel-linux-x86_64-debian-clang 1.0-1 NOTE
r-devel-linux-x86_64-debian-gcc 1.0-1 4.77 31.37 36.14 NOTE
r-devel-linux-x86_64-fedora-clang 1.0-1 56.94 NOTE
r-devel-linux-x86_64-fedora-gcc 1.0-1 56.71 NOTE
r-devel-windows-x86_64 1.0-1 5.00 52.00 57.00 NOTE
r-patched-linux-x86_64 1.0-1 6.90 40.21 47.11 NOTE
r-release-linux-x86_64 1.0-1 5.07 40.40 45.47 NOTE
r-release-macos-arm64 1.0-1 23.00 NOTE
r-release-macos-x86_64 1.0-1 44.00 NOTE
r-release-windows-x86_64 1.0-1 7.00 55.00 62.00 NOTE
r-oldrel-macos-arm64 1.0-1 23.00 OK
r-oldrel-windows-x86_64 1.0-1 8.00 57.00 65.00 OK

Check Details

Version: 1.0-1
Check: Rd files
Result: NOTE checkRd: (-1) ohio.Rd:104: Escaped LaTeX specials: \& checkRd: (-1) ohio.Rd:105: Escaped LaTeX specials: \& Flavors: r-devel-linux-x86_64-debian-clang, r-devel-linux-x86_64-debian-gcc, r-devel-linux-x86_64-fedora-clang, r-devel-linux-x86_64-fedora-gcc, r-devel-windows-x86_64, r-patched-linux-x86_64, r-release-linux-x86_64, r-release-macos-arm64, r-release-macos-x86_64, r-release-windows-x86_64