Last updated on 2023-12-02 16:49:16 CET.
Flavor | Version | Tinstall | Tcheck | Ttotal | Status | Flags |
---|---|---|---|---|---|---|
r-devel-linux-x86_64-debian-clang | 0.2.4 | 162.02 | 51.43 | 213.45 | OK | |
r-devel-linux-x86_64-debian-gcc | 0.2.4 | 112.65 | 38.68 | 151.33 | OK | |
r-devel-linux-x86_64-fedora-clang | 0.2.4 | 306.57 | OK | |||
r-devel-linux-x86_64-fedora-gcc | 0.2.4 | 308.23 | OK | |||
r-devel-windows-x86_64 | 0.2.4 | 130.00 | 84.00 | 214.00 | OK | |
r-patched-linux-x86_64 | 0.2.3 | 132.17 | 49.26 | 181.43 | NOTE | |
r-release-linux-x86_64 | 0.2.3 | 136.97 | 49.27 | 186.24 | NOTE | |
r-release-macos-arm64 | 0.2.4 | 69.00 | OK | |||
r-release-macos-x86_64 | 0.2.3 | 120.00 | NOTE | |||
r-release-windows-x86_64 | 0.2.3 | 173.00 | 91.00 | 264.00 | NOTE | |
r-oldrel-macos-arm64 | 0.2.4 | 66.00 | OK | |||
r-oldrel-macos-x86_64 | 0.2.3 | 90.00 | OK | |||
r-oldrel-windows-x86_64 | 0.2.4 | 113.00 | 90.00 | 203.00 | OK |
Version: 0.2.3
Check: C++ specification
Result: NOTE
Specified C++11: please drop specification unless essential
Flavors: r-patched-linux-x86_64, r-release-linux-x86_64, r-release-macos-x86_64, r-release-windows-x86_64