CRAN Package Check Results for Package hive

Last updated on 2024-03-01 08:53:00 CET.

Flavor Version Tinstall Tcheck Ttotal Status Flags
r-devel-linux-x86_64-debian-clang 0.2-2 5.22 49.46 54.68 NOTE
r-devel-linux-x86_64-debian-gcc 0.2-2 4.71 36.88 41.59 NOTE
r-devel-linux-x86_64-fedora-clang 0.2-2 66.77 NOTE
r-devel-linux-x86_64-fedora-gcc 0.2-2 64.89 NOTE
r-devel-windows-x86_64 0.2-2 5.00 56.00 61.00 NOTE
r-patched-linux-x86_64 0.2-2 5.06 47.70 52.76 NOTE
r-release-linux-x86_64 0.2-2 5.06 47.86 52.92 NOTE
r-release-macos-arm64 0.2-2 23.00 NOTE
r-release-macos-x86_64 0.2-2 35.00 NOTE
r-release-windows-x86_64 0.2-2 5.00 60.00 65.00 NOTE
r-oldrel-macos-arm64 0.2-2 22.00 OK
r-oldrel-windows-x86_64 0.2-2 8.00 65.00 73.00 NOTE

Check Details

Version: 0.2-2
Check: package dependencies
Result: NOTE Package which this enhances but not available for checking: ‘HadoopStreaming’ Flavors: r-devel-linux-x86_64-debian-clang, r-devel-linux-x86_64-debian-gcc, r-devel-linux-x86_64-fedora-clang, r-devel-linux-x86_64-fedora-gcc, r-devel-windows-x86_64, r-patched-linux-x86_64, r-release-linux-x86_64, r-release-macos-arm64, r-release-macos-x86_64, r-release-windows-x86_64, r-oldrel-windows-x86_64