CRAN Package Check Results for Package hkdatasets

Last updated on 2024-02-26 00:50:48 CET.

Flavor Version Tinstall Tcheck Ttotal Status Flags
r-devel-linux-x86_64-debian-clang 1.0.0 2.57 28.77 31.34 OK
r-devel-linux-x86_64-debian-gcc 1.0.0 2.29 22.41 24.70 OK
r-devel-linux-x86_64-fedora-clang 1.0.0 39.52 NOTE
r-devel-linux-x86_64-fedora-gcc 1.0.0 37.94 NOTE
r-devel-windows-x86_64 1.0.0 4.00 43.00 47.00 OK
r-patched-linux-x86_64 1.0.0 2.82 29.09 31.91 OK
r-release-linux-x86_64 1.0.0 3.01 28.42 31.43 OK
r-release-macos-arm64 1.0.0 19.00 OK
r-release-macos-x86_64 1.0.0 25.00 OK
r-release-windows-x86_64 1.0.0 4.00 44.00 48.00 OK
r-oldrel-macos-arm64 1.0.0 20.00 OK
r-oldrel-windows-x86_64 1.0.0 5.00 51.00 56.00 OK

Check Details

Version: 1.0.0
Check: data for non-ASCII characters
Result: NOTE Note: found 9638 marked UTF-8 strings Flavors: r-devel-linux-x86_64-fedora-clang, r-devel-linux-x86_64-fedora-gcc