Last updated on 2024-05-21 16:53:18 CEST.
Flavor | Version | Tinstall | Tcheck | Ttotal | Status | Flags |
---|---|---|---|---|---|---|
r-devel-linux-x86_64-debian-clang | 1.1.5 | 56.90 | 37.08 | 93.98 | OK | |
r-devel-linux-x86_64-debian-gcc | 1.1.5 | 38.54 | 27.58 | 66.12 | OK | |
r-devel-linux-x86_64-fedora-clang | 1.1.5 | 118.60 | OK | |||
r-devel-linux-x86_64-fedora-gcc | 1.1.5 | 136.28 | OK | |||
r-devel-windows-x86_64 | 1.1.5 | 43.00 | 65.00 | 108.00 | OK | |
r-patched-linux-x86_64 | 1.1.5 | 48.32 | 35.63 | 83.95 | OK | |
r-release-linux-x86_64 | 1.1.5 | 53.48 | 35.76 | 89.24 | OK | |
r-release-macos-arm64 | 1.1.5 | 27.00 | NOTE | |||
r-release-windows-x86_64 | 1.1.5 | 41.00 | 70.00 | 111.00 | OK | |
r-oldrel-macos-arm64 | 1.1.5 | 38.00 | NOTE | |||
r-oldrel-macos-x86_64 | 1.1.5 | 77.00 | NOTE | |||
r-oldrel-windows-x86_64 | 1.1.5 | 52.00 | 79.00 | 131.00 | OK |
Version: 1.1.5
Check: installed package size
Result: NOTE
installed size is 5.2Mb
sub-directories of 1Mb or more:
libs 5.0Mb
Flavors: r-release-macos-arm64, r-oldrel-macos-arm64, r-oldrel-macos-x86_64