CRAN Package Check Results for Package hkevp

Last updated on 2024-02-28 08:54:30 CET.

Flavor Version Tinstall Tcheck Ttotal Status Flags
r-devel-linux-x86_64-debian-clang 1.1.5 55.18 36.30 91.48 OK
r-devel-linux-x86_64-debian-gcc 1.1.5 46.62 27.58 74.20 OK
r-devel-linux-x86_64-fedora-clang 1.1.5 117.95 OK
r-devel-linux-x86_64-fedora-gcc 1.1.5 128.37 OK
r-devel-windows-x86_64 1.1.5 40.00 75.00 115.00 OK
r-patched-linux-x86_64 1.1.5 46.10 36.29 82.39 OK
r-release-linux-x86_64 1.1.5 56.02 35.77 91.79 OK
r-release-macos-arm64 1.1.5 38.00 NOTE
r-release-macos-x86_64 1.1.5 77.00 NOTE
r-release-windows-x86_64 1.1.5 52.00 78.00 130.00 OK
r-oldrel-macos-arm64 1.1.5 40.00 NOTE
r-oldrel-windows-x86_64 1.1.5 49.00 78.00 127.00 OK

Check Details

Version: 1.1.5
Check: installed package size
Result: NOTE installed size is 5.5Mb sub-directories of 1Mb or more: libs 5.3Mb Flavors: r-release-macos-arm64, r-release-macos-x86_64, r-oldrel-macos-arm64