CRAN Package Check Results for Package hmmTMB

Last updated on 2024-03-03 01:00:46 CET.

Flavor Version Tinstall Tcheck Ttotal Status Flags
r-devel-linux-x86_64-debian-clang 1.0.2 231.28 308.20 539.48 OK
r-devel-linux-x86_64-debian-gcc 1.0.2 230.64 225.30 455.94 OK
r-devel-linux-x86_64-fedora-clang 1.0.2 623.80 OK
r-devel-linux-x86_64-fedora-gcc 1.0.2 773.50 OK
r-devel-windows-x86_64 1.0.2 185.00 226.00 411.00 NOTE
r-patched-linux-x86_64 1.0.2 167.69 296.36 464.05 OK
r-release-linux-x86_64 1.0.2 202.63 299.28 501.91 OK
r-release-macos-arm64 1.0.2 161.00 NOTE
r-release-macos-x86_64 1.0.2 408.00 NOTE
r-release-windows-x86_64 1.0.2 238.00 307.00 545.00 NOTE
r-oldrel-macos-arm64 1.0.2 170.00 NOTE
r-oldrel-windows-x86_64 1.0.2 218.00 300.00 518.00 NOTE

Check Details

Version: 1.0.2
Check: installed package size
Result: NOTE installed size is 14.9Mb sub-directories of 1Mb or more: libs 13.7Mb Flavors: r-devel-windows-x86_64, r-release-macos-arm64, r-release-macos-x86_64, r-release-windows-x86_64, r-oldrel-macos-arm64, r-oldrel-windows-x86_64