Last updated on 2024-05-02 16:48:21 CEST.
Flavor | Version | Tinstall | Tcheck | Ttotal | Status | Flags |
---|---|---|---|---|---|---|
r-devel-linux-x86_64-debian-clang | 2.3.1 | 117.33 | 32.73 | 150.06 | OK | |
r-devel-linux-x86_64-debian-gcc | 2.3.1 | 92.02 | 25.41 | 117.43 | OK | |
r-devel-linux-x86_64-fedora-clang | 2.3.1 | 168.54 | OK | |||
r-devel-linux-x86_64-fedora-gcc | 2.3.1 | 197.92 | OK | |||
r-devel-windows-x86_64 | 2.3.1 | 76.00 | 70.00 | 146.00 | OK | |
r-patched-linux-x86_64 | 2.3.1 | 98.96 | 32.37 | 131.33 | OK | |
r-release-linux-x86_64 | 2.3.1 | 101.23 | 32.04 | 133.27 | OK | |
r-release-macos-arm64 | 2.3.1 | 38.00 | NOTE | |||
r-release-macos-x86_64 | 2.3.1 | 71.00 | NOTE | |||
r-release-windows-x86_64 | 2.3.1 | 75.00 | 71.00 | 146.00 | OK | |
r-oldrel-macos-arm64 | 2.3.1 | 52.00 | NOTE | |||
r-oldrel-macos-x86_64 | 2.3.1 | 67.00 | NOTE | |||
r-oldrel-windows-x86_64 | 2.3.1 | 70.00 | 77.00 | 147.00 | OK |
Version: 2.3.1
Check: installed package size
Result: NOTE
installed size is 7.8Mb
sub-directories of 1Mb or more:
libs 7.7Mb
Flavors: r-release-macos-arm64, r-release-macos-x86_64, r-oldrel-macos-arm64, r-oldrel-macos-x86_64