CRAN Package Check Results for Package hydrotoolbox

Last updated on 2024-02-24 08:49:39 CET.

Flavor Version Tinstall Tcheck Ttotal Status Flags
r-devel-linux-x86_64-debian-clang 1.1.2 105.62 127.30 232.92 OK
r-devel-linux-x86_64-debian-gcc 1.1.2 82.82 142.97 225.79 OK
r-devel-linux-x86_64-fedora-clang 1.1.2 389.27 NOTE
r-devel-linux-x86_64-fedora-gcc 1.1.2 387.51 OK
r-devel-windows-x86_64 1.1.2 78.00 180.00 258.00 NOTE
r-patched-linux-x86_64 1.1.2 87.74 119.37 207.11 OK
r-release-linux-x86_64 1.1.2 69.23 122.68 191.91 OK
r-release-macos-arm64 1.1.2 122.00 NOTE
r-release-macos-x86_64 1.1.2 179.00 NOTE
r-release-windows-x86_64 1.1.2 104.00 244.00 348.00 NOTE
r-oldrel-macos-arm64 1.1.2 91.00 NOTE
r-oldrel-windows-x86_64 1.1.2 94.00 203.00 297.00 NOTE

Check Details

Version: 1.1.2
Check: installed package size
Result: NOTE installed size is 6.5Mb sub-directories of 1Mb or more: extdata 5.5Mb Flavors: r-devel-linux-x86_64-fedora-clang, r-devel-windows-x86_64, r-release-macos-arm64, r-release-macos-x86_64, r-release-windows-x86_64, r-oldrel-macos-arm64, r-oldrel-windows-x86_64