CRAN Package Check Results for Package hyfo

Last updated on 2024-02-29 15:53:47 CET.

Flavor Version Tinstall Tcheck Ttotal Status Flags
r-devel-linux-x86_64-debian-clang 1.4.6 12.78 88.19 100.97 NOTE
r-devel-linux-x86_64-debian-gcc 1.4.6 9.94 100.91 110.85 NOTE
r-devel-linux-x86_64-fedora-clang 1.4.6 182.60 NOTE
r-devel-linux-x86_64-fedora-gcc 1.4.6 196.74 NOTE
r-devel-windows-x86_64 1.4.6 14.00 130.00 144.00 OK
r-patched-linux-x86_64 1.4.6 13.10 87.20 100.30 OK
r-release-linux-x86_64 1.4.6 10.37 88.27 98.64 OK
r-release-macos-arm64 1.4.6 62.00 OK
r-release-macos-x86_64 1.4.6 90.00 OK
r-release-windows-x86_64 1.4.6 17.00 150.00 167.00 OK
r-oldrel-macos-arm64 1.4.6 56.00 OK
r-oldrel-windows-x86_64 1.4.6 19.00 146.00 165.00 OK

Check Details

Version: 1.4.6
Check: Rd files
Result: NOTE checkRd: (-1) extractPeriod.Rd:57: Lost braces 57 | NOTE: all the dates in the datalist should follow the format in ?as.Date{base}. | ^ Flavors: r-devel-linux-x86_64-debian-clang, r-devel-linux-x86_64-debian-gcc, r-devel-linux-x86_64-fedora-clang, r-devel-linux-x86_64-fedora-gcc