CRAN Package Check Results for Package hyperoverlap

Last updated on 2024-02-24 08:49:39 CET.

Flavor Version Tinstall Tcheck Ttotal Status Flags
r-devel-linux-x86_64-debian-clang 1.1.1 6.73 50.62 57.35 OK
r-devel-linux-x86_64-debian-gcc 1.1.1 5.70 51.85 57.55 OK
r-devel-linux-x86_64-fedora-clang 1.1.1 100.03 NOTE
r-devel-linux-x86_64-fedora-gcc 1.1.1 103.53 OK
r-devel-windows-x86_64 1.1.1 8.00 69.00 77.00 NOTE
r-patched-linux-x86_64 1.1.1 6.46 51.04 57.50 OK
r-release-linux-x86_64 1.1.1 6.50 44.78 51.28 OK
r-release-macos-arm64 1.1.1 40.00 NOTE
r-release-macos-x86_64 1.1.1 51.00 NOTE
r-release-windows-x86_64 1.1.1 10.00 82.00 92.00 NOTE
r-oldrel-macos-arm64 1.1.1 32.00 NOTE
r-oldrel-windows-x86_64 1.1.1 10.00 87.00 97.00 NOTE

Check Details

Version: 1.1.1
Check: installed package size
Result: NOTE installed size is 6.5Mb sub-directories of 1Mb or more: doc 6.4Mb Flavors: r-devel-linux-x86_64-fedora-clang, r-devel-windows-x86_64, r-release-macos-arm64, r-release-macos-x86_64, r-release-windows-x86_64, r-oldrel-macos-arm64, r-oldrel-windows-x86_64

Version: 1.1.1
Check: package dependencies
Result: NOTE Package suggested but not available for checking: ‘webshot2’ Flavor: r-oldrel-macos-arm64