CRAN Package Check Results for Package iNZightRegression

Last updated on 2024-07-25 00:51:59 CEST.

Flavor Version Tinstall Tcheck Ttotal Status Flags
r-devel-linux-x86_64-debian-clang 1.3.4 16.53 154.16 170.69 OK
r-devel-linux-x86_64-debian-gcc 1.3.4 13.25 115.70 128.95 NOTE
r-devel-linux-x86_64-fedora-clang 1.3.4 230.15 OK
r-devel-linux-x86_64-fedora-gcc 1.3.4 201.80 OK
r-devel-windows-x86_64 1.3.4 16.00 120.00 136.00 NOTE
r-patched-linux-x86_64 1.3.4 19.27 149.60 168.87 OK
r-release-linux-x86_64 1.3.4 13.51 147.24 160.75 OK
r-release-macos-arm64 1.3.4 59.00 OK
r-release-macos-x86_64 1.3.4 83.00 OK
r-release-windows-x86_64 1.3.4 16.00 119.00 135.00 OK
r-oldrel-macos-arm64 1.3.4 48.00 OK
r-oldrel-macos-x86_64 1.3.4 152.00 OK
r-oldrel-windows-x86_64 1.3.4 21.00 150.00 171.00 OK

Check Details

Version: 1.3.4
Check: Rd cross-references
Result: NOTE Found the following Rd file(s) with Rd \link{} targets missing package anchors: iNZightSummary.Rd: survey Please provide package anchors for all Rd \link{} targets not in the package itself and the base packages. Flavors: r-devel-linux-x86_64-debian-gcc, r-devel-windows-x86_64