CRAN Package Check Results for Package iSTATS

Last updated on 2024-03-03 01:00:47 CET.

Flavor Version Tinstall Tcheck Ttotal Status Flags
r-devel-linux-x86_64-debian-clang 1.7 7.43 65.52 72.95 OK
r-devel-linux-x86_64-debian-gcc 1.7 5.36 50.68 56.04 OK
r-devel-linux-x86_64-fedora-clang 1.7 92.14 NOTE
r-devel-linux-x86_64-fedora-gcc 1.7 90.83 NOTE
r-devel-windows-x86_64 1.7 8.00 67.00 75.00 OK
r-patched-linux-x86_64 1.7 6.05 63.11 69.16 OK
r-release-linux-x86_64 1.7 5.93 62.01 67.94 OK
r-release-macos-arm64 1.7 37.00 OK
r-release-macos-x86_64 1.7 72.00 OK
r-release-windows-x86_64 1.7 12.00 79.00 91.00 OK
r-oldrel-macos-arm64 1.7 37.00 OK
r-oldrel-windows-x86_64 1.7 13.00 85.00 98.00 OK

Check Details

Version: 1.7
Check: dependencies in R code
Result: NOTE Namespace in Imports field not imported from: ‘readr’ All declared Imports should be used. Flavors: r-devel-linux-x86_64-fedora-clang, r-devel-linux-x86_64-fedora-gcc