Last updated on 2024-05-02 08:57:45 CEST.
Flavor | Version | Tinstall | Tcheck | Ttotal | Status | Flags |
---|---|---|---|---|---|---|
r-devel-linux-x86_64-debian-clang | 1.2.0 | 37.57 | 80.61 | 118.18 | NOTE | |
r-devel-linux-x86_64-debian-gcc | 1.2.0 | 31.78 | 59.75 | 91.53 | NOTE | |
r-devel-linux-x86_64-fedora-clang | 1.2.0 | 165.80 | NOTE | |||
r-devel-linux-x86_64-fedora-gcc | 1.2.0 | 149.76 | NOTE | |||
r-devel-windows-x86_64 | 1.2.0 | 33.00 | 90.00 | 123.00 | NOTE | |
r-patched-linux-x86_64 | 1.2.0 | 26.90 | 76.02 | 102.92 | NOTE | |
r-release-linux-x86_64 | 1.2.0 | 26.94 | 76.89 | 103.83 | NOTE | |
r-release-macos-arm64 | 1.2.0 | 44.00 | NOTE | |||
r-release-windows-x86_64 | 1.2.0 | 31.00 | 90.00 | 121.00 | NOTE | |
r-oldrel-macos-arm64 | 1.2.0 | 47.00 | NOTE | |||
r-oldrel-macos-x86_64 | 1.2.0 | 74.00 | NOTE | |||
r-oldrel-windows-x86_64 | 1.2.0 | 40.00 | 112.00 | 152.00 | NOTE |
Version: 1.2.0
Check: C++ specification
Result: NOTE
Specified C++11: please drop specification unless essential
Flavors: r-devel-linux-x86_64-debian-clang, r-devel-linux-x86_64-debian-gcc, r-devel-linux-x86_64-fedora-clang, r-devel-linux-x86_64-fedora-gcc, r-devel-windows-x86_64, r-patched-linux-x86_64, r-release-linux-x86_64, r-release-macos-arm64, r-release-windows-x86_64, r-oldrel-macos-arm64, r-oldrel-macos-x86_64, r-oldrel-windows-x86_64