CRAN Package Check Results for Package idefix

Last updated on 2024-03-01 16:49:22 CET.

Flavor Version Tinstall Tcheck Ttotal Status Flags
r-devel-linux-x86_64-debian-clang 1.0.3 47.79 70.82 118.61 NOTE
r-devel-linux-x86_64-debian-gcc 1.0.3 36.79 52.38 89.17 NOTE
r-devel-linux-x86_64-fedora-clang 1.0.3 165.43 NOTE
r-devel-linux-x86_64-fedora-gcc 1.0.3 156.14 NOTE
r-devel-windows-x86_64 1.0.3 38.00 92.00 130.00 NOTE
r-patched-linux-x86_64 1.0.3 48.55 69.88 118.43 NOTE
r-release-linux-x86_64 1.0.3 43.72 69.96 113.68 NOTE
r-release-macos-arm64 1.0.3 39.00 NOTE
r-release-macos-x86_64 1.0.3 70.00 NOTE
r-release-windows-x86_64 1.0.3 50.00 113.00 163.00 NOTE
r-oldrel-macos-arm64 1.0.3 41.00 OK
r-oldrel-windows-x86_64 1.0.3 50.00 108.00 158.00 OK

Check Details

Version: 1.0.3
Check: C++ specification
Result: NOTE Specified C++11: please drop specification unless essential Flavors: r-devel-linux-x86_64-debian-clang, r-devel-linux-x86_64-debian-gcc, r-devel-linux-x86_64-fedora-clang, r-devel-linux-x86_64-fedora-gcc, r-devel-windows-x86_64, r-patched-linux-x86_64, r-release-linux-x86_64, r-release-macos-arm64, r-release-macos-x86_64, r-release-windows-x86_64

Version: 1.0.3
Check: Rd cross-references
Result: NOTE Undeclared packages ‘mlogit’, ‘logitr’ in Rd xrefs Flavor: r-devel-linux-x86_64-fedora-clang