CRAN Package Check Results for Package iemiscdata

Last updated on 2024-02-21 00:54:30 CET.

Flavor Version Tinstall Tcheck Ttotal Status Flags
r-devel-linux-x86_64-debian-clang 1.0.1 OK
r-devel-linux-x86_64-debian-gcc 1.0.1 4.26 145.90 150.16 OK
r-devel-linux-x86_64-fedora-clang 1.0.1 258.40 NOTE
r-devel-linux-x86_64-fedora-gcc 1.0.1 264.34 NOTE
r-devel-windows-x86_64 1.0.1 7.00 308.00 315.00 OK
r-patched-linux-x86_64 1.0.1 7.51 186.58 194.09 OK
r-release-linux-x86_64 1.0.1 5.13 182.81 187.94 OK
r-release-macos-arm64 1.0.1 115.00 OK
r-release-macos-x86_64 1.0.1 182.00 OK
r-release-windows-x86_64 1.0.1 7.00 315.00 322.00 OK
r-oldrel-macos-arm64 1.0.1 89.00 OK
r-oldrel-windows-x86_64 1.0.1 9.00 306.00 315.00 OK

Check Details

Version: 1.0.1
Check: data for non-ASCII characters
Result: NOTE Note: found 366 marked UTF-8 strings Flavors: r-devel-linux-x86_64-fedora-clang, r-devel-linux-x86_64-fedora-gcc