Last updated on 2023-12-06 00:58:16 CET.
Flavor | Version | Tinstall | Tcheck | Ttotal | Status | Flags |
---|---|---|---|---|---|---|
r-devel-linux-x86_64-debian-clang | 1.5.1 | 286.68 | 440.18 | 726.86 | WARN | |
r-devel-linux-x86_64-debian-gcc | 1.5.1 | 233.83 | 330.66 | 564.49 | NOTE | |
r-devel-linux-x86_64-fedora-clang | 1.5.1 | 955.62 | WARN | |||
r-devel-linux-x86_64-fedora-gcc | 1.5.1 | 951.92 | OK | |||
r-devel-windows-x86_64 | 1.5.1 | 341.00 | 444.00 | 785.00 | NOTE | |
r-patched-linux-x86_64 | 1.5.1 | 285.66 | 417.14 | 702.80 | OK | |
r-release-linux-x86_64 | 1.5.1 | 275.20 | 420.90 | 696.10 | OK | |
r-release-macos-arm64 | 1.5.1 | 229.00 | NOTE | |||
r-release-macos-x86_64 | 1.5.1 | 341.00 | NOTE | |||
r-release-windows-x86_64 | 1.5.1 | 403.00 | 544.00 | 947.00 | NOTE | |
r-oldrel-macos-arm64 | 1.5.1 | 197.00 | NOTE | |||
r-oldrel-macos-x86_64 | 1.5.1 | 277.00 | NOTE | |||
r-oldrel-windows-x86_64 | 1.5.1 | 379.00 | 427.00 | 806.00 | NOTE |
Version: 1.5.1
Check: whether package can be installed
Result: WARN
Found the following significant warnings:
rinterface_extra.c:255:16: warning: format string is not a string literal (potentially insecure) [-Wformat-security]
See ‘/home/hornik/tmp/R.check/r-devel-clang/Work/PKGS/igraph.Rcheck/00install.out’ for details.
* used C compiler: ‘Debian clang version 17.0.5 (1)’
* used C++ compiler: ‘Debian clang version 17.0.5 (1)’
Flavor: r-devel-linux-x86_64-debian-clang
Version: 1.5.1
Check: Rd files
Result: NOTE
checkRd: (-1) print.igraph.es.Rd:24: Lost braces
24 | screen. Use \code{\link[=print]{print()}} explicitly and the code{full} argument to
| ^
checkRd: (-1) radius.Rd:46: Lost braces
46 | calculations, code{\link{distances}} for general shortest path
| ^
Flavors: r-devel-linux-x86_64-debian-clang, r-devel-linux-x86_64-debian-gcc
Version: 1.5.1
Check: whether package can be installed
Result: WARN
Found the following significant warnings:
rinterface_extra.c:255:16: warning: format string is not a string literal (potentially insecure) [-Wformat-security]
See ‘/data/gannet/ripley/R/packages/tests-clang/igraph.Rcheck/00install.out’ for details.
* used C compiler: ‘clang version 17.0.5’
* used C++ compiler: ‘clang version 17.0.5’
Flavor: r-devel-linux-x86_64-fedora-clang
Version: 1.5.1
Check: installed package size
Result: NOTE
installed size is 8.1Mb
sub-directories of 1Mb or more:
R 1.5Mb
doc 1.2Mb
help 1.5Mb
libs 3.4Mb
Flavors: r-devel-linux-x86_64-fedora-clang, r-devel-windows-x86_64, r-release-macos-arm64, r-release-macos-x86_64, r-release-windows-x86_64, r-oldrel-macos-arm64, r-oldrel-macos-x86_64, r-oldrel-windows-x86_64