CRAN Package Check Results for Package igraphtosonia

Last updated on 2024-02-25 08:53:04 CET.

Flavor Version Tinstall Tcheck Ttotal Status Flags
r-devel-linux-x86_64-debian-clang 1.0 2.96 29.60 32.56 NOTE
r-devel-linux-x86_64-debian-gcc 1.0 2.71 23.41 26.12 NOTE
r-devel-linux-x86_64-fedora-clang 1.0 40.64 NOTE
r-devel-linux-x86_64-fedora-gcc 1.0 39.99 NOTE
r-devel-windows-x86_64 1.0 4.00 44.00 48.00 NOTE
r-patched-linux-x86_64 1.0 2.71 29.46 32.17 NOTE
r-release-linux-x86_64 1.0 3.26 29.78 33.04 NOTE
r-release-macos-arm64 1.0 19.00 NOTE
r-release-macos-x86_64 1.0 23.00 NOTE
r-release-windows-x86_64 1.0 4.00 48.00 52.00 NOTE
r-oldrel-macos-arm64 1.0 18.00 NOTE
r-oldrel-windows-x86_64 1.0 5.00 51.00 56.00 NOTE

Check Details

Version: 1.0
Check: DESCRIPTION meta-information
Result: NOTE Malformed Description field: should contain one or more complete sentences. Flavors: r-devel-linux-x86_64-debian-clang, r-devel-linux-x86_64-debian-gcc, r-devel-linux-x86_64-fedora-clang, r-devel-linux-x86_64-fedora-gcc, r-devel-windows-x86_64, r-patched-linux-x86_64, r-release-linux-x86_64, r-release-macos-arm64, r-release-macos-x86_64, r-release-windows-x86_64, r-oldrel-macos-arm64, r-oldrel-windows-x86_64