CRAN Package Check Results for Package ihpdr

Last updated on 2024-06-19 00:49:30 CEST.

Flavor Version Tinstall Tcheck Ttotal Status Flags
r-devel-linux-x86_64-debian-clang 1.2.1 7.10 61.04 68.14 NOTE
r-devel-linux-x86_64-debian-gcc 1.2.1 5.03 46.88 51.91 NOTE
r-devel-linux-x86_64-fedora-clang 1.2.1 87.87 NOTE
r-devel-linux-x86_64-fedora-gcc 1.2.1 80.33 NOTE
r-devel-windows-x86_64 1.2.1 6.00 65.00 71.00 NOTE
r-patched-linux-x86_64 1.2.1 5.99 58.32 64.31 NOTE
r-release-linux-x86_64 1.2.1 5.14 58.56 63.70 NOTE
r-release-macos-arm64 1.2.1 38.00 NOTE
r-release-macos-x86_64 1.2.1 48.00 NOTE
r-release-windows-x86_64 1.2.1 8.00 63.00 71.00 NOTE
r-oldrel-macos-arm64 1.2.1 33.00 NOTE
r-oldrel-macos-x86_64 1.2.1 42.00 NOTE
r-oldrel-windows-x86_64 1.2.1 8.00 73.00 81.00 NOTE

Check Details

Version: 1.2.1
Check: LazyData
Result: NOTE 'LazyData' is specified without a 'data' directory Flavors: r-devel-linux-x86_64-debian-clang, r-devel-linux-x86_64-debian-gcc, r-devel-linux-x86_64-fedora-clang, r-devel-linux-x86_64-fedora-gcc, r-devel-windows-x86_64, r-patched-linux-x86_64, r-release-linux-x86_64, r-release-macos-arm64, r-release-macos-x86_64, r-release-windows-x86_64, r-oldrel-macos-arm64, r-oldrel-macos-x86_64, r-oldrel-windows-x86_64