CRAN Package Check Results for Package ihpdr

Last updated on 2024-03-01 16:49:22 CET.

Flavor Version Tinstall Tcheck Ttotal Status Flags
r-devel-linux-x86_64-debian-clang 1.2.1 5.00 60.71 65.71 NOTE
r-devel-linux-x86_64-debian-gcc 1.2.1 5.79 46.89 52.68 NOTE
r-devel-linux-x86_64-fedora-clang 1.2.1 84.00 NOTE
r-devel-linux-x86_64-fedora-gcc 1.2.1 84.96 NOTE
r-devel-windows-x86_64 1.2.1 7.00 65.00 72.00 NOTE
r-patched-linux-x86_64 1.2.1 4.92 58.98 63.90 NOTE
r-release-linux-x86_64 1.2.1 4.34 59.62 63.96 NOTE
r-release-macos-arm64 1.2.1 33.00 NOTE
r-release-macos-x86_64 1.2.1 42.00 NOTE
r-release-windows-x86_64 1.2.1 9.00 69.00 78.00 NOTE
r-oldrel-macos-arm64 1.2.1 35.00 NOTE
r-oldrel-windows-x86_64 1.2.1 9.00 80.00 89.00 NOTE

Check Details

Version: 1.2.1
Check: LazyData
Result: NOTE 'LazyData' is specified without a 'data' directory Flavors: r-devel-linux-x86_64-debian-clang, r-devel-linux-x86_64-debian-gcc, r-devel-linux-x86_64-fedora-clang, r-devel-linux-x86_64-fedora-gcc, r-devel-windows-x86_64, r-patched-linux-x86_64, r-release-linux-x86_64, r-release-macos-arm64, r-release-macos-x86_64, r-release-windows-x86_64, r-oldrel-macos-arm64, r-oldrel-windows-x86_64