CRAN Package Check Results for Package image.ContourDetector

Last updated on 2024-02-27 08:55:19 CET.

Flavor Version Tinstall Tcheck Ttotal Status Flags
r-devel-linux-x86_64-debian-clang 0.1.1 18.87 60.13 79.00 NOTE
r-devel-linux-x86_64-debian-gcc 0.1.1 16.19 45.36 61.55 NOTE
r-devel-linux-x86_64-fedora-clang 0.1.1 107.50 NOTE
r-devel-linux-x86_64-fedora-gcc 0.1.1 109.53 NOTE
r-devel-windows-x86_64 0.1.1 19.00 86.00 105.00 OK
r-patched-linux-x86_64 0.1.1 22.88 58.72 81.60 OK
r-release-linux-x86_64 0.1.1 23.84 59.84 83.68 OK
r-release-macos-arm64 0.1.1 33.00 OK
r-release-macos-x86_64 0.1.1 54.00 OK
r-release-windows-x86_64 0.1.1 25.00 97.00 122.00 OK
r-oldrel-macos-arm64 0.1.1 33.00 OK
r-oldrel-windows-x86_64 0.1.1 23.00 94.00 117.00 OK

Check Details

Version: 0.1.1
Check: Rd files
Result: NOTE checkRd: (-1) image_contour_detector.Rd:19: Lost braces in \itemize; \value handles \item{}{} directly checkRd: (-1) image_contour_detector.Rd:20: Lost braces in \itemize; \value handles \item{}{} directly checkRd: (-1) image_contour_detector.Rd:21: Lost braces in \itemize; \value handles \item{}{} directly Flavors: r-devel-linux-x86_64-debian-clang, r-devel-linux-x86_64-debian-gcc, r-devel-linux-x86_64-fedora-clang, r-devel-linux-x86_64-fedora-gcc