Last updated on 2024-05-21 00:57:13 CEST.
Flavor | Version | Tinstall | Tcheck | Ttotal | Status | Flags |
---|---|---|---|---|---|---|
r-devel-linux-x86_64-debian-clang | 1.3.2 | 110.80 | 84.50 | 195.30 | OK | |
r-devel-linux-x86_64-debian-gcc | 1.3.2 | 75.95 | 66.26 | 142.21 | OK | |
r-devel-linux-x86_64-fedora-clang | 1.3.2 | 300.21 | NOTE | |||
r-devel-linux-x86_64-fedora-gcc | 1.3.2 | 285.64 | OK | |||
r-devel-windows-x86_64 | 1.3.2 | 86.00 | 117.00 | 203.00 | OK | |
r-patched-linux-x86_64 | 1.3.2 | 106.69 | 86.62 | 193.31 | OK | |
r-release-linux-x86_64 | 1.3.2 | 101.67 | 87.67 | 189.34 | OK | |
r-release-macos-arm64 | 1.3.2 | 68.00 | OK | |||
r-release-windows-x86_64 | 1.3.2 | 88.00 | 110.00 | 198.00 | OK | |
r-oldrel-macos-arm64 | 1.3.2 | 74.00 | OK | |||
r-oldrel-macos-x86_64 | 1.3.2 | 128.00 | OK | |||
r-oldrel-windows-x86_64 | 1.3.2 | 106.00 | 127.00 | 233.00 | OK |
Version: 1.3.2
Check: package dependencies
Result: NOTE
Package suggested but not available for checking: ‘tesseract’
Flavor: r-devel-linux-x86_64-fedora-clang