Last updated on 2024-05-21 19:50:20 CEST.
Flavor | Version | Tinstall | Tcheck | Ttotal | Status | Flags |
---|---|---|---|---|---|---|
r-devel-linux-x86_64-debian-clang | 0.5.0 | 5.88 | 64.03 | 69.91 | NOTE | |
r-devel-linux-x86_64-debian-gcc | 0.5.0 | 5.31 | 48.39 | 53.70 | NOTE | |
r-devel-linux-x86_64-fedora-clang | 0.5.0 | 87.38 | NOTE | |||
r-devel-linux-x86_64-fedora-gcc | 0.5.0 | 97.42 | NOTE | |||
r-devel-windows-x86_64 | 0.5.0 | 7.00 | 74.00 | 81.00 | NOTE | |
r-patched-linux-x86_64 | 0.5.0 | 11.00 | 60.87 | 71.87 | NOTE | |
r-release-linux-x86_64 | 0.5.0 | 5.37 | 61.30 | 66.67 | NOTE | |
r-release-macos-arm64 | 0.5.0 | 38.00 | NOTE | |||
r-release-windows-x86_64 | 0.5.0 | 8.00 | 76.00 | 84.00 | NOTE | |
r-oldrel-macos-arm64 | 0.5.0 | 41.00 | OK | |||
r-oldrel-macos-x86_64 | 0.5.0 | 53.00 | OK | |||
r-oldrel-windows-x86_64 | 0.5.0 | 9.00 | 80.00 | 89.00 | OK |
Version: 0.5.0
Check: Rd files
Result: NOTE
checkRd: (-1) stringCSSRule.Rd:22: Lost braces
22 | using the {{placeholder}} convention.
| ^
checkRd: (-1) stringTemplate.Rd:23: Lost braces
23 | placeholders are marked using the {{placeholder}} convention.
| ^
checkRd: (-1) stringTemplate.Rd:12: Lost braces
12 | {{placeholder}} format.}
| ^
Flavors: r-devel-linux-x86_64-debian-clang, r-devel-linux-x86_64-debian-gcc, r-devel-linux-x86_64-fedora-clang, r-devel-linux-x86_64-fedora-gcc, r-devel-windows-x86_64, r-patched-linux-x86_64, r-release-linux-x86_64, r-release-macos-arm64, r-release-windows-x86_64