CRAN Package Check Results for Package importinegi

Last updated on 2024-02-24 16:48:22 CET.

Flavor Version Tinstall Tcheck Ttotal Status Flags
r-devel-linux-x86_64-debian-clang 1.2.1 3.82 32.62 36.44 OK
r-devel-linux-x86_64-debian-gcc 1.2.1 3.10 25.06 28.16 OK
r-devel-linux-x86_64-fedora-clang 1.2.1 44.80 NOTE
r-devel-linux-x86_64-fedora-gcc 1.2.1 55.40 NOTE
r-devel-windows-x86_64 1.2.1 4.00 46.00 50.00 OK
r-patched-linux-x86_64 1.2.1 2.60 31.47 34.07 OK
r-release-linux-x86_64 1.2.1 2.33 31.19 33.52 OK
r-release-macos-arm64 1.2.1 25.00 OK
r-release-macos-x86_64 1.2.1 44.00 OK
r-release-windows-x86_64 1.2.1 5.00 49.00 54.00 OK
r-oldrel-macos-arm64 1.2.1 22.00 OK
r-oldrel-windows-x86_64 1.2.1 6.00 51.00 57.00 OK

Check Details

Version: 1.2.1
Check: dependencies in R code
Result: NOTE Namespaces in Imports field not imported from: ‘data.table’ ‘dplyr’ ‘haven’ All declared Imports should be used. Flavors: r-devel-linux-x86_64-fedora-clang, r-devel-linux-x86_64-fedora-gcc