CRAN Package Check Results for Package imprecise101

Last updated on 2024-02-25 16:51:44 CET.

Flavor Version Tinstall Tcheck Ttotal Status Flags
r-devel-linux-x86_64-debian-clang 0.2.2.4 2.39 26.45 28.84 OK
r-devel-linux-x86_64-debian-gcc 0.2.2.4 1.97 20.89 22.86 OK
r-devel-linux-x86_64-fedora-clang 0.2.2.4 36.56 NOTE
r-devel-linux-x86_64-fedora-gcc 0.2.2.4 46.84 NOTE
r-devel-windows-x86_64 0.2.2.4 3.00 42.00 45.00 OK
r-patched-linux-x86_64 0.2.2.4 1.94 26.28 28.22 OK
r-release-linux-x86_64 0.2.2.4 1.46 26.19 27.65 OK
r-release-macos-arm64 0.2.2.4 23.00 OK
r-release-macos-x86_64 0.2.2.4 33.00 OK
r-release-windows-x86_64 0.2.2.4 4.00 44.00 48.00 OK
r-oldrel-macos-arm64 0.2.2.4 18.00 OK
r-oldrel-windows-x86_64 0.2.2.4 4.00 46.00 50.00 OK

Check Details

Version: 0.2.2.4
Check: dependencies in R code
Result: NOTE Namespace in Imports field not imported from: ‘pscl’ All declared Imports should be used. Flavors: r-devel-linux-x86_64-fedora-clang, r-devel-linux-x86_64-fedora-gcc