CRAN Package Check Results for Package incidental

Last updated on 2024-02-22 16:49:18 CET.

Flavor Version Tinstall Tcheck Ttotal Status Flags
r-devel-linux-x86_64-debian-clang 0.1 NOTE
r-devel-linux-x86_64-debian-gcc 0.1 7.16 66.12 73.28 NOTE
r-devel-linux-x86_64-fedora-clang 0.1 116.04 OK
r-devel-linux-x86_64-fedora-gcc 0.1 125.16 OK
r-devel-windows-x86_64 0.1 8.00 84.00 92.00 OK
r-patched-linux-x86_64 0.1 9.92 84.72 94.64 OK
r-release-linux-x86_64 0.1 8.58 84.76 93.34 OK
r-release-macos-arm64 0.1 45.00 OK
r-release-macos-x86_64 0.1 74.00 OK
r-release-windows-x86_64 0.1 10.00 99.00 109.00 OK
r-oldrel-macos-arm64 0.1 38.00 OK
r-oldrel-windows-x86_64 0.1 11.00 97.00 108.00 OK

Check Details

Version: 0.1
Check: Rd files
Result: NOTE checkRd: (-1) make_likelihood_matrix.Rd:16: Lost braces; missing escapes or markup? 16 | This function creates a matrix such that P[t, s] = P(C = t | I = s) = theta_{t-s} for s <= t and 0 otherwise. | ^ Flavors: r-devel-linux-x86_64-debian-clang, r-devel-linux-x86_64-debian-gcc