CRAN Package Check Results for Package inlabru

Last updated on 2024-02-25 01:01:07 CET.

Flavor Version Tinstall Tcheck Ttotal Status Flags
r-devel-linux-x86_64-debian-clang 2.10.1 25.39 310.70 336.09 NOTE
r-devel-linux-x86_64-debian-gcc 2.10.1 24.50 230.41 254.91 NOTE
r-devel-linux-x86_64-fedora-clang 2.10.1 445.89 OK
r-devel-linux-x86_64-fedora-gcc 2.10.1 468.49 OK
r-devel-windows-x86_64 2.10.1 26.00 250.00 276.00 OK
r-patched-linux-x86_64 2.10.1 45.63 301.68 347.31 NOTE
r-release-linux-x86_64 2.10.1 31.98 302.40 334.38 NOTE
r-release-macos-arm64 2.10.1 128.00 NOTE
r-release-macos-x86_64 2.10.1 209.00 NOTE
r-release-windows-x86_64 2.10.1 33.00 312.00 345.00 NOTE
r-oldrel-macos-arm64 2.10.1 113.00 NOTE
r-oldrel-windows-x86_64 2.10.1 35.00 285.00 320.00 NOTE

Check Details

Version: 2.10.1
Check: package dependencies
Result: NOTE Package suggested but not available for checking: ‘INLA’ Flavors: r-devel-linux-x86_64-debian-clang, r-devel-linux-x86_64-debian-gcc, r-patched-linux-x86_64, r-release-linux-x86_64, r-release-macos-arm64, r-release-macos-x86_64, r-release-windows-x86_64, r-oldrel-macos-arm64, r-oldrel-windows-x86_64