CRAN Package Check Results for Package interimApp

Last updated on 2024-03-01 08:53:00 CET.

Flavor Version Tinstall Tcheck Ttotal Status Flags
r-devel-linux-x86_64-debian-clang 0.0.1 5.03 42.05 47.08 NOTE
r-devel-linux-x86_64-debian-gcc 0.0.1 3.58 32.61 36.19 NOTE
r-devel-linux-x86_64-fedora-clang 0.0.1 57.09 NOTE
r-devel-linux-x86_64-fedora-gcc 0.0.1 54.17 NOTE
r-devel-windows-x86_64 0.0.1 5.00 58.00 63.00 NOTE
r-patched-linux-x86_64 0.0.1 3.38 41.27 44.65 NOTE
r-release-linux-x86_64 0.0.1 2.98 40.52 43.50 NOTE
r-release-macos-arm64 0.0.1 22.00 NOTE
r-release-macos-x86_64 0.0.1 32.00 NOTE
r-release-windows-x86_64 0.0.1 8.00 61.00 69.00 NOTE
r-oldrel-macos-arm64 0.0.1 22.00 NOTE
r-oldrel-windows-x86_64 0.0.1 7.00 68.00 75.00 NOTE

Check Details

Version: 0.0.1
Check: LazyData
Result: NOTE 'LazyData' is specified without a 'data' directory Flavors: r-devel-linux-x86_64-debian-clang, r-devel-linux-x86_64-debian-gcc, r-devel-linux-x86_64-fedora-clang, r-devel-linux-x86_64-fedora-gcc, r-devel-windows-x86_64, r-patched-linux-x86_64, r-release-linux-x86_64, r-release-macos-arm64, r-release-macos-x86_64, r-release-windows-x86_64, r-oldrel-macos-arm64, r-oldrel-windows-x86_64