CRAN Package Check Results for Package interpretCI

Last updated on 2024-02-28 00:56:23 CET.

Flavor Version Tinstall Tcheck Ttotal Status Flags
r-devel-linux-x86_64-debian-clang 0.1.1 13.23 206.56 219.79 OK
r-devel-linux-x86_64-debian-gcc 0.1.1 8.77 154.61 163.38 OK
r-devel-linux-x86_64-fedora-clang 0.1.1 266.35 NOTE
r-devel-linux-x86_64-fedora-gcc 0.1.1 286.36 NOTE
r-devel-windows-x86_64 0.1.1 12.00 178.00 190.00 OK
r-patched-linux-x86_64 0.1.1 8.15 201.09 209.24 OK
r-release-linux-x86_64 0.1.1 7.88 198.39 206.27 OK
r-release-macos-arm64 0.1.1 90.00 OK
r-release-macos-x86_64 0.1.1 168.00 OK
r-release-windows-x86_64 0.1.1 16.00 224.00 240.00 OK
r-oldrel-macos-arm64 0.1.1 66.00 NOTE
r-oldrel-windows-x86_64 0.1.1 16.00 230.00 246.00 OK

Check Details

Version: 0.1.1
Check: dependencies in R code
Result: NOTE Namespace in Imports field not imported from: ‘moonBook’ All declared Imports should be used. Flavors: r-devel-linux-x86_64-fedora-clang, r-devel-linux-x86_64-fedora-gcc, r-oldrel-macos-arm64