CRAN Package Check Results for Package intervalaverage

Last updated on 2024-02-22 00:58:32 CET.

Flavor Version Tinstall Tcheck Ttotal Status Flags
r-devel-linux-x86_64-debian-clang 0.8.0 NOTE
r-devel-linux-x86_64-debian-gcc 0.8.0 23.82 124.22 148.04 NOTE
r-devel-linux-x86_64-fedora-clang 0.8.0 242.35 NOTE
r-devel-linux-x86_64-fedora-gcc 0.8.0 238.36 NOTE
r-devel-windows-x86_64 0.8.0 24.00 137.00 161.00 NOTE
r-patched-linux-x86_64 0.8.0 29.12 159.07 188.19 NOTE
r-release-linux-x86_64 0.8.0 31.00 154.95 185.95 NOTE
r-release-macos-arm64 0.8.0 67.00 NOTE
r-release-macos-x86_64 0.8.0 119.00 NOTE
r-release-windows-x86_64 0.8.0 23.00 177.00 200.00 NOTE
r-oldrel-macos-arm64 0.8.0 60.00 NOTE
r-oldrel-windows-x86_64 0.8.0 31.00 173.00 204.00 NOTE

Check Details

Version: 0.8.0
Check: LazyData
Result: NOTE 'LazyData' is specified without a 'data' directory Flavors: r-devel-linux-x86_64-debian-clang, r-devel-linux-x86_64-debian-gcc, r-devel-linux-x86_64-fedora-clang, r-devel-linux-x86_64-fedora-gcc, r-devel-windows-x86_64, r-patched-linux-x86_64, r-release-linux-x86_64, r-release-macos-arm64, r-release-macos-x86_64, r-release-windows-x86_64, r-oldrel-macos-arm64, r-oldrel-windows-x86_64