CRAN Package Check Results for Package intrinsicFRP

Last updated on 2024-02-23 16:53:20 CET.

Flavor Version Tinstall Tcheck Ttotal Status Flags
r-devel-linux-x86_64-debian-clang 2.0.1 OK
r-devel-linux-x86_64-debian-gcc 2.0.1 171.25 301.95 473.20 OK
r-devel-linux-x86_64-fedora-clang 2.0.1 676.76 OK
r-devel-linux-x86_64-fedora-gcc 2.0.1 804.88 OK
r-devel-windows-x86_64 2.0.1 157.00 290.00 447.00 OK
r-patched-linux-x86_64 2.0.1 199.33 376.36 575.69 OK
r-release-linux-x86_64 2.0.1 205.04 378.33 583.37 OK
r-release-macos-arm64 2.0.1 214.00 NOTE
r-release-macos-x86_64 2.0.1 446.00 NOTE
r-release-windows-x86_64 2.0.1 200.00 407.00 607.00 OK
r-oldrel-macos-arm64 2.0.0 19.00 ERROR
r-oldrel-windows-x86_64 2.0.0 31.00 8.00 39.00 ERROR

Check Details

Version: 2.0.1
Check: installed package size
Result: NOTE installed size is 8.8Mb sub-directories of 1Mb or more: libs 8.5Mb Flavors: r-release-macos-arm64, r-release-macos-x86_64

Version: 2.0.0
Check: whether package can be installed
Result: ERROR Installation failed. Flavors: r-oldrel-macos-arm64, r-oldrel-windows-x86_64