Last updated on 2023-09-23 00:53:55 CEST.
Flavor | Version | Tinstall | Tcheck | Ttotal | Status | Flags |
---|---|---|---|---|---|---|
r-devel-linux-x86_64-debian-clang | 0.9.1 | 16.15 | 196.64 | 212.79 | NOTE | |
r-devel-linux-x86_64-debian-gcc | 0.9.1 | 12.42 | 145.46 | 157.88 | NOTE | |
r-devel-linux-x86_64-fedora-clang | 0.9.1 | 271.78 | NOTE | |||
r-devel-linux-x86_64-fedora-gcc | 0.9.1 | 262.34 | NOTE | |||
r-devel-windows-x86_64 | 0.9.1 | 24.00 | 179.00 | 203.00 | NOTE | |
r-patched-linux-x86_64 | 0.9.1 | 16.56 | 191.08 | 207.64 | OK | |
r-release-linux-x86_64 | 0.9.1 | 11.21 | 189.55 | 200.76 | OK | |
r-release-macos-arm64 | 0.9.1 | 88.00 | OK | |||
r-release-macos-x86_64 | 0.9.1 | 143.00 | OK | |||
r-release-windows-x86_64 | 0.9.1 | 30.00 | 232.00 | 262.00 | OK | |
r-oldrel-macos-arm64 | 0.9.1 | 63.00 | OK | |||
r-oldrel-macos-x86_64 | 0.9.1 | 90.00 | OK | |||
r-oldrel-windows-x86_64 | 0.9.1 | 30.00 | 218.00 | 248.00 | OK |
Version: 0.9.1
Check: Rd \usage sections
Result: NOTE
Documented arguments not in \usage in documentation object 'chars_collapse':
‘collapse’
Functions with \usage entries need to have the appropriate \alias
entries, and all their arguments documented.
The \usage entries must correspond to syntactically valid R code.
See chapter ‘Writing R documentation files’ in the ‘Writing R
Extensions’ manual.
Flavors: r-devel-linux-x86_64-debian-clang, r-devel-linux-x86_64-debian-gcc, r-devel-linux-x86_64-fedora-clang, r-devel-linux-x86_64-fedora-gcc, r-devel-windows-x86_64