Last updated on 2024-05-21 16:53:19 CEST.
Flavor | Version | Tinstall | Tcheck | Ttotal | Status | Flags |
---|---|---|---|---|---|---|
r-devel-linux-x86_64-debian-clang | 1.0.0 | 6.00 | 197.10 | 203.10 | OK | |
r-devel-linux-x86_64-debian-gcc | 1.0.0 | 3.86 | 152.31 | 156.17 | OK | |
r-devel-linux-x86_64-fedora-clang | 1.0.0 | 285.79 | NOTE | |||
r-devel-linux-x86_64-fedora-gcc | 1.0.0 | 269.31 | OK | |||
r-devel-windows-x86_64 | 1.0.0 | 7.00 | 125.00 | 132.00 | NOTE | |
r-patched-linux-x86_64 | 1.0.0 | 7.37 | 194.87 | 202.24 | OK | |
r-release-linux-x86_64 | 1.0.0 | 6.98 | 186.14 | 193.12 | OK | |
r-release-macos-arm64 | 1.0.0 | 61.00 | NOTE | |||
r-release-macos-x86_64 | 1.0.0 | 124.00 | NOTE | |||
r-release-windows-x86_64 | 1.0.0 | 7.00 | 125.00 | 132.00 | NOTE | |
r-oldrel-macos-arm64 | 1.0.0 | 62.00 | NOTE | |||
r-oldrel-macos-x86_64 | 1.0.0 | 109.00 | NOTE | |||
r-oldrel-windows-x86_64 | 1.0.0 | 8.00 | 148.00 | 156.00 | NOTE |
Version: 1.0.0
Check: installed package size
Result: NOTE
installed size is 5.7Mb
sub-directories of 1Mb or more:
doc 5.2Mb
Flavors: r-devel-linux-x86_64-fedora-clang, r-devel-windows-x86_64, r-release-macos-arm64, r-release-macos-x86_64, r-release-windows-x86_64, r-oldrel-macos-arm64, r-oldrel-macos-x86_64, r-oldrel-windows-x86_64