Last updated on 2024-05-21 00:57:13 CEST.
Flavor | Version | Tinstall | Tcheck | Ttotal | Status | Flags |
---|---|---|---|---|---|---|
r-devel-linux-x86_64-debian-clang | 1.0 | 4.51 | 47.18 | 51.69 | NOTE | |
r-devel-linux-x86_64-debian-gcc | 1.0 | 4.22 | 36.24 | 40.46 | NOTE | |
r-devel-linux-x86_64-fedora-clang | 1.0 | 67.61 | NOTE | |||
r-devel-linux-x86_64-fedora-gcc | 1.0 | 76.56 | NOTE | |||
r-devel-windows-x86_64 | 1.0 | 6.00 | 68.00 | 74.00 | NOTE | |
r-patched-linux-x86_64 | 1.0 | 5.89 | 47.06 | 52.95 | NOTE | |
r-release-linux-x86_64 | 1.0 | 4.83 | 46.45 | 51.28 | NOTE | |
r-release-macos-arm64 | 1.0 | 32.00 | NOTE | |||
r-release-windows-x86_64 | 1.0 | 6.00 | 68.00 | 74.00 | NOTE | |
r-oldrel-macos-arm64 | 1.0 | 31.00 | NOTE | |||
r-oldrel-macos-x86_64 | 1.0 | 46.00 | NOTE | |||
r-oldrel-windows-x86_64 | 1.0 | 6.00 | 72.00 | 78.00 | NOTE |
Version: 1.0
Check: Rd files
Result: NOTE
checkRd: (-1) bp.coeff.raw.Rd:5: Escaped LaTeX specials: \&
checkRd: (-1) bp.coeff.raw.Rd:41: Escaped LaTeX specials: \&
checkRd: (-1) bp.coeff.raw.Rd:53: Escaped LaTeX specials: \&
checkRd: (-1) fleiss.kappa.raw.Rd:52: Escaped LaTeX specials: \&
checkRd: (-1) landis.koch.bf.Rd:14: Escaped LaTeX specials: \&
checkRd: (-1) landis.koch.bf.Rd:17: Escaped LaTeX specials: \&
Flavors: r-devel-linux-x86_64-debian-clang, r-devel-linux-x86_64-debian-gcc, r-devel-linux-x86_64-fedora-clang, r-devel-linux-x86_64-fedora-gcc, r-devel-windows-x86_64, r-patched-linux-x86_64, r-release-linux-x86_64, r-release-macos-arm64, r-release-windows-x86_64, r-oldrel-macos-arm64, r-oldrel-macos-x86_64, r-oldrel-windows-x86_64