Last updated on 2024-05-21 00:57:13 CEST.
Flavor | Version | Tinstall | Tcheck | Ttotal | Status | Flags |
---|---|---|---|---|---|---|
r-devel-linux-x86_64-debian-clang | 1.9 | 6.85 | 53.47 | 60.32 | NOTE | |
r-devel-linux-x86_64-debian-gcc | 1.9 | 5.02 | 41.41 | 46.43 | NOTE | |
r-devel-linux-x86_64-fedora-clang | 1.9 | 76.08 | NOTE | |||
r-devel-linux-x86_64-fedora-gcc | 1.9 | 71.91 | NOTE | |||
r-devel-windows-x86_64 | 1.9 | 7.00 | 66.00 | 73.00 | OK | |
r-patched-linux-x86_64 | 1.9 | 5.55 | 52.05 | 57.60 | NOTE | |
r-release-linux-x86_64 | 1.9 | 5.92 | 51.08 | 57.00 | NOTE | |
r-release-macos-arm64 | 1.9 | 24.00 | OK | |||
r-release-macos-x86_64 | 1.9 | 61.00 | OK | |||
r-release-windows-x86_64 | 1.9 | 7.00 | 67.00 | 74.00 | OK | |
r-oldrel-macos-arm64 | 1.9 | 24.00 | OK | |||
r-oldrel-macos-x86_64 | 1.9 | 51.00 | OK | |||
r-oldrel-windows-x86_64 | 1.9 | 7.00 | 69.00 | 76.00 | OK |
Version: 1.9
Check: for non-standard things in the check directory
Result: NOTE
Found the following files/directories:
‘RMTplot.pdf’
Flavors: r-devel-linux-x86_64-debian-clang, r-devel-linux-x86_64-debian-gcc, r-devel-linux-x86_64-fedora-clang, r-devel-linux-x86_64-fedora-gcc, r-patched-linux-x86_64, r-release-linux-x86_64