CRAN Package Check Results for Package jaccard

Last updated on 2024-03-02 00:53:28 CET.

Flavor Version Tinstall Tcheck Ttotal Status Flags
r-devel-linux-x86_64-debian-clang 0.1.0 22.49 51.77 74.26 NOTE
r-devel-linux-x86_64-debian-gcc 0.1.0 16.53 39.39 55.92 NOTE
r-devel-linux-x86_64-fedora-clang 0.1.0 102.41 NOTE
r-devel-linux-x86_64-fedora-gcc 0.1.0 94.97 NOTE
r-devel-windows-x86_64 0.1.0 20.00 78.00 98.00 NOTE
r-patched-linux-x86_64 0.1.0 16.04 49.74 65.78 NOTE
r-release-linux-x86_64 0.1.0 15.67 50.08 65.75 NOTE
r-release-macos-arm64 0.1.0 32.00 NOTE
r-release-macos-x86_64 0.1.0 51.00 NOTE
r-release-windows-x86_64 0.1.0 26.00 91.00 117.00 NOTE
r-oldrel-macos-arm64 0.1.0 33.00 NOTE
r-oldrel-windows-x86_64 0.1.0 26.00 87.00 113.00 NOTE

Check Details

Version: 0.1.0
Check: C++ specification
Result: NOTE Specified C++11: please drop specification unless essential Flavors: r-devel-linux-x86_64-debian-clang, r-devel-linux-x86_64-debian-gcc, r-devel-linux-x86_64-fedora-clang, r-devel-linux-x86_64-fedora-gcc, r-devel-windows-x86_64, r-patched-linux-x86_64, r-release-linux-x86_64, r-release-macos-arm64, r-release-macos-x86_64, r-release-windows-x86_64

Version: 0.1.0
Check: Rd files
Result: NOTE checkRd: (-1) jaccard.test.Rd:41: Lost braces; missing escapes or markup? 41 | The {bootstrap} method uses resampling with replacement binary vectors to compute a p-value (see optional arguments). | ^ Flavors: r-devel-linux-x86_64-debian-clang, r-devel-linux-x86_64-debian-gcc, r-devel-linux-x86_64-fedora-clang, r-devel-linux-x86_64-fedora-gcc

Version: 0.1.0
Check: LazyData
Result: NOTE 'LazyData' is specified without a 'data' directory Flavors: r-devel-linux-x86_64-debian-clang, r-devel-linux-x86_64-debian-gcc, r-devel-linux-x86_64-fedora-clang, r-devel-linux-x86_64-fedora-gcc, r-devel-windows-x86_64, r-patched-linux-x86_64, r-release-linux-x86_64, r-release-macos-arm64, r-release-macos-x86_64, r-release-windows-x86_64, r-oldrel-macos-arm64, r-oldrel-windows-x86_64

Version: 0.1.0
Check: dependencies in R code
Result: NOTE Namespaces in Imports field not imported from: ‘Rcpp’ ‘dplyr’ ‘magrittr’ All declared Imports should be used. Flavors: r-devel-linux-x86_64-fedora-clang, r-devel-linux-x86_64-fedora-gcc, r-oldrel-macos-arm64