CRAN Package Check Results for Package jinjar

Last updated on 2024-02-29 15:53:48 CET.

Flavor Version Tinstall Tcheck Ttotal Status Flags
r-devel-linux-x86_64-debian-clang 0.3.1 69.76 52.51 122.27 OK
r-devel-linux-x86_64-debian-gcc 0.3.1 62.55 39.88 102.43 OK
r-devel-linux-x86_64-fedora-clang 0.3.1 160.05 OK
r-devel-linux-x86_64-fedora-gcc 0.3.1 185.52 OK
r-devel-windows-x86_64 0.3.1 51.00 86.00 137.00 OK
r-patched-linux-x86_64 0.3.1 69.71 50.27 119.98 OK
r-release-linux-x86_64 0.3.1 69.22 49.75 118.97 OK
r-release-macos-arm64 0.3.1 72.00 NOTE
r-release-macos-x86_64 0.3.1 117.00 NOTE
r-release-windows-x86_64 0.3.1 50.00 97.00 147.00 OK
r-oldrel-macos-arm64 0.3.1 52.00 NOTE
r-oldrel-windows-x86_64 0.3.1 66.00 92.00 158.00 OK

Check Details

Version: 0.3.1
Check: installed package size
Result: NOTE installed size is 7.4Mb sub-directories of 1Mb or more: libs 7.1Mb Flavors: r-release-macos-arm64, r-release-macos-x86_64, r-oldrel-macos-arm64