CRAN Package Check Results for Package jpgrid

Last updated on 2024-02-26 00:50:49 CET.

Flavor Version Tinstall Tcheck Ttotal Status Flags
r-devel-linux-x86_64-debian-clang 0.3.1 10.16 79.15 89.31 OK
r-devel-linux-x86_64-debian-gcc 0.3.1 10.06 58.17 68.23 OK
r-devel-linux-x86_64-fedora-clang 0.3.1 109.10 NOTE
r-devel-linux-x86_64-fedora-gcc 0.3.1 104.26 NOTE
r-devel-windows-x86_64 0.3.1 11.00 74.00 85.00 OK
r-patched-linux-x86_64 0.3.1 7.95 74.89 82.84 OK
r-release-linux-x86_64 0.3.1 7.23 74.27 81.50 OK
r-release-macos-arm64 0.3.1 35.00 OK
r-release-macos-x86_64 0.3.1 56.00 OK
r-release-windows-x86_64 0.3.1 15.00 84.00 99.00 OK
r-oldrel-macos-arm64 0.3.1 38.00 OK
r-oldrel-windows-x86_64 0.3.1 15.00 93.00 108.00 OK

Check Details

Version: 0.3.1
Check: data for non-ASCII characters
Result: NOTE Note: found 925830 marked UTF-8 strings Flavors: r-devel-linux-x86_64-fedora-clang, r-devel-linux-x86_64-fedora-gcc