CRAN Package Check Results for Package jpmesh

Last updated on 2024-03-03 01:00:47 CET.

Flavor Version Tinstall Tcheck Ttotal Status Flags
r-devel-linux-x86_64-debian-clang 2.1.0 13.48 229.33 242.81 OK
r-devel-linux-x86_64-debian-gcc 2.1.0 9.67 178.84 188.51 OK
r-devel-linux-x86_64-fedora-clang 2.1.0 296.70 NOTE
r-devel-linux-x86_64-fedora-gcc 2.1.0 325.59 NOTE
r-devel-windows-x86_64 2.1.0 12.00 186.00 198.00 OK
r-patched-linux-x86_64 2.1.0 10.12 229.49 239.61 OK
r-release-linux-x86_64 2.1.0 8.28 225.16 233.44 OK
r-release-macos-arm64 2.1.0 74.00 OK
r-release-macos-x86_64 2.1.0 136.00 OK
r-release-windows-x86_64 2.1.0 18.00 251.00 269.00 OK
r-oldrel-macos-arm64 2.1.0 62.00 NOTE
r-oldrel-windows-x86_64 2.1.0 17.00 241.00 258.00 OK

Check Details

Version: 2.1.0
Check: data for non-ASCII characters
Result: NOTE Note: found 176 marked UTF-8 strings Flavors: r-devel-linux-x86_64-fedora-clang, r-devel-linux-x86_64-fedora-gcc, r-oldrel-macos-arm64