Last updated on 2024-05-10 00:55:06 CEST.
Flavor | Version | Tinstall | Tcheck | Ttotal | Status | Flags |
---|---|---|---|---|---|---|
r-devel-linux-x86_64-debian-clang | 2.1.0 | 11.44 | 238.72 | 250.16 | OK | |
r-devel-linux-x86_64-debian-gcc | 2.1.0 | 10.21 | 178.43 | 188.64 | OK | |
r-devel-linux-x86_64-fedora-clang | 2.1.0 | 299.92 | NOTE | |||
r-devel-linux-x86_64-fedora-gcc | 2.1.0 | 353.99 | NOTE | |||
r-devel-windows-x86_64 | 2.1.0 | 13.00 | 185.00 | 198.00 | OK | |
r-patched-linux-x86_64 | 2.1.0 | 11.29 | 226.59 | 237.88 | OK | |
r-release-linux-x86_64 | 2.1.0 | 12.78 | 223.58 | 236.36 | OK | |
r-release-macos-arm64 | 2.1.0 | 77.00 | OK | |||
r-release-windows-x86_64 | 2.1.0 | 13.00 | 184.00 | 197.00 | OK | |
r-oldrel-macos-arm64 | 2.1.0 | 74.00 | OK | |||
r-oldrel-macos-x86_64 | 2.1.0 | 136.00 | OK | |||
r-oldrel-windows-x86_64 | 2.1.0 | 15.00 | 234.00 | 249.00 | OK |
Version: 2.1.0
Check: data for non-ASCII characters
Result: NOTE
Note: found 176 marked UTF-8 strings
Flavors: r-devel-linux-x86_64-fedora-clang, r-devel-linux-x86_64-fedora-gcc