CRAN Package Check Results for Package json64

Last updated on 2024-03-02 00:53:28 CET.

Flavor Version Tinstall Tcheck Ttotal Status Flags
r-devel-linux-x86_64-debian-clang 0.1.3 1.68 20.84 22.52 NOTE
r-devel-linux-x86_64-debian-gcc 0.1.3 1.44 16.50 17.94 NOTE
r-devel-linux-x86_64-fedora-clang 0.1.3 28.83 NOTE
r-devel-linux-x86_64-fedora-gcc 0.1.3 27.87 NOTE
r-devel-windows-x86_64 0.1.3 2.00 44.00 46.00 NOTE
r-patched-linux-x86_64 0.1.3 1.99 20.77 22.76 NOTE
r-release-linux-x86_64 0.1.3 1.55 20.43 21.98 NOTE
r-release-macos-arm64 0.1.3 16.00 NOTE
r-release-macos-x86_64 0.1.3 20.00 NOTE
r-release-windows-x86_64 0.1.3 3.00 42.00 45.00 NOTE
r-oldrel-macos-arm64 0.1.3 17.00 NOTE
r-oldrel-windows-x86_64 0.1.3 3.00 45.00 48.00 NOTE

Check Details

Version: 0.1.3
Check: LazyData
Result: NOTE 'LazyData' is specified without a 'data' directory Flavors: r-devel-linux-x86_64-debian-clang, r-devel-linux-x86_64-debian-gcc, r-devel-linux-x86_64-fedora-clang, r-devel-linux-x86_64-fedora-gcc, r-devel-windows-x86_64, r-patched-linux-x86_64, r-release-linux-x86_64, r-release-macos-arm64, r-release-macos-x86_64, r-release-windows-x86_64, r-oldrel-macos-arm64, r-oldrel-windows-x86_64