CRAN Package Check Results for Package jsonStrings

Last updated on 2024-02-25 16:51:44 CET.

Flavor Version Tinstall Tcheck Ttotal Status Flags
r-devel-linux-x86_64-debian-clang 2.1.1 36.40 34.73 71.13 OK
r-devel-linux-x86_64-debian-gcc 2.1.1 33.72 27.36 61.08 OK
r-devel-linux-x86_64-fedora-clang 2.1.1 99.18 OK
r-devel-linux-x86_64-fedora-gcc 2.1.1 107.58 OK
r-devel-windows-x86_64 2.1.1 31.00 72.00 103.00 OK
r-patched-linux-x86_64 2.1.1 42.63 34.64 77.27 OK
r-release-linux-x86_64 2.1.1 42.55 34.80 77.35 OK
r-release-macos-arm64 2.1.1 32.00 NOTE
r-release-macos-x86_64 2.1.1 47.00 NOTE
r-release-windows-x86_64 2.1.1 29.00 81.00 110.00 OK
r-oldrel-macos-arm64 2.1.1 35.00 NOTE
r-oldrel-windows-x86_64 2.1.1 39.00 76.00 115.00 OK

Check Details

Version: 2.1.1
Check: installed package size
Result: NOTE installed size is 6.0Mb sub-directories of 1Mb or more: libs 5.0Mb Flavors: r-release-macos-arm64, r-release-macos-x86_64, r-oldrel-macos-arm64