CRAN Package Check Results for Package karyotapR

Last updated on 2024-02-26 00:50:49 CET.

Flavor Version Tinstall Tcheck Ttotal Status Flags
r-devel-linux-x86_64-debian-clang 1.0.1 37.89 392.82 430.71 OK
r-devel-linux-x86_64-debian-gcc 1.0.1 31.48 306.66 338.14 OK
r-devel-linux-x86_64-fedora-clang 1.0.1 585.95 OK
r-devel-linux-x86_64-fedora-gcc 1.0.1 565.81 OK
r-devel-windows-x86_64 1.0.1 36.00 304.00 340.00 OK
r-patched-linux-x86_64 1.0.1 27.33 391.33 418.66 OK
r-release-linux-x86_64 1.0.1 27.07 397.15 424.22 OK
r-release-macos-arm64 1.0.1 10.00 ERROR
r-release-macos-x86_64 1.0.1 7.00 ERROR
r-release-windows-x86_64 1.0.1 45.00 394.00 439.00 OK
r-oldrel-macos-arm64 1.0.1 135.00 OK
r-oldrel-windows-x86_64 1.0.1 43.00 348.00 391.00 OK

Check Details

Version: 1.0.1
Check: package dependencies
Result: ERROR Package required but not available: ‘rhdf5’ See section ‘The DESCRIPTION file’ in the ‘Writing R Extensions’ manual. Flavors: r-release-macos-arm64, r-release-macos-x86_64