CRAN Package Check Results for Package kde1d

Last updated on 2024-02-26 08:48:48 CET.

Flavor Version Tinstall Tcheck Ttotal Status Flags
r-devel-linux-x86_64-debian-clang 1.0.7 51.57 33.48 85.05 OK
r-devel-linux-x86_64-debian-gcc 1.0.7 37.87 26.42 64.29 OK
r-devel-linux-x86_64-fedora-clang 1.0.7 107.31 OK
r-devel-linux-x86_64-fedora-gcc 1.0.7 117.14 OK
r-devel-windows-x86_64 1.0.7 37.00 70.00 107.00 OK
r-patched-linux-x86_64 1.0.7 53.37 33.86 87.23 OK
r-release-linux-x86_64 1.0.7 52.29 33.76 86.05 OK
r-release-macos-arm64 1.0.7 36.00 NOTE
r-release-macos-x86_64 1.0.7 69.00 NOTE
r-release-windows-x86_64 1.0.7 48.00 76.00 124.00 OK
r-oldrel-macos-arm64 1.0.7 34.00 NOTE
r-oldrel-windows-x86_64 1.0.7 42.00 72.00 114.00 OK

Check Details

Version: 1.0.7
Check: installed package size
Result: NOTE installed size is 14.5Mb sub-directories of 1Mb or more: libs 14.4Mb Flavors: r-release-macos-arm64, r-release-macos-x86_64, r-oldrel-macos-arm64