CRAN Package Check Results for Package kernelFactory

Last updated on 2024-02-25 16:51:44 CET.

Flavor Version Tinstall Tcheck Ttotal Status Flags
r-devel-linux-x86_64-debian-clang 0.3.0 5.14 49.77 54.91 NOTE
r-devel-linux-x86_64-debian-gcc 0.3.0 3.65 37.83 41.48 NOTE
r-devel-linux-x86_64-fedora-clang 0.3.0 66.88 OK
r-devel-linux-x86_64-fedora-gcc 0.3.0 65.19 OK
r-devel-windows-x86_64 0.3.0 5.00 55.00 60.00 OK
r-patched-linux-x86_64 0.3.0 4.84 48.67 53.51 OK
r-release-linux-x86_64 0.3.0 5.54 49.03 54.57 OK
r-release-macos-arm64 0.3.0 25.00 OK
r-release-macos-x86_64 0.3.0 37.00 OK
r-release-windows-x86_64 0.3.0 4.00 61.00 65.00 OK
r-oldrel-macos-arm64 0.3.0 22.00 OK
r-oldrel-windows-x86_64 0.3.0 7.00 66.00 73.00 OK

Check Details

Version: 0.3.0
Check: Rd files
Result: NOTE checkRd: (-1) kernelFactory.Rd:21: Lost braces; missing escapes or markup? 21 | \item{method}{Can be one of the following: POLynomial kernel function (\code{pol}), LINear kernel function (\code{lin}), Radial Basis kernel Function \code{rbf}), random choice (random={pol, lin, rbf}) (\code{random}), burn- in choice of best function (burn={pol, lin, rbf }) (\code{burn}). Use \code{random} or \code{burn} if you don't know in advance which kernel function is best.} | ^ checkRd: (-1) kernelFactory.Rd:21: Lost braces; missing escapes or markup? 21 | \item{method}{Can be one of the following: POLynomial kernel function (\code{pol}), LINear kernel function (\code{lin}), Radial Basis kernel Function \code{rbf}), random choice (random={pol, lin, rbf}) (\code{random}), burn- in choice of best function (burn={pol, lin, rbf }) (\code{burn}). Use \code{random} or \code{burn} if you don't know in advance which kernel function is best.} | ^ Flavors: r-devel-linux-x86_64-debian-clang, r-devel-linux-x86_64-debian-gcc