CRAN Package Check Results for Package keyToEnglish

Last updated on 2024-03-03 01:00:47 CET.

Flavor Version Tinstall Tcheck Ttotal Status Flags
r-devel-linux-x86_64-debian-clang 0.2.1 3.04 27.62 30.66 NOTE
r-devel-linux-x86_64-debian-gcc 0.2.1 2.19 21.79 23.98 NOTE
r-devel-linux-x86_64-fedora-clang 0.2.1 37.88 NOTE
r-devel-linux-x86_64-fedora-gcc 0.2.1 36.64 NOTE
r-devel-windows-x86_64 0.2.1 4.00 46.00 50.00 NOTE
r-patched-linux-x86_64 0.2.1 2.89 27.36 30.25 NOTE
r-release-linux-x86_64 0.2.1 2.50 27.21 29.71 NOTE
r-release-macos-arm64 0.2.1 17.00 NOTE
r-release-macos-x86_64 0.2.1 25.00 NOTE
r-release-windows-x86_64 0.2.1 6.00 49.00 55.00 NOTE
r-oldrel-macos-arm64 0.2.1 18.00 OK
r-oldrel-windows-x86_64 0.2.1 5.00 50.00 55.00 OK

Check Details

Version: 0.2.1
Check: package subdirectories
Result: NOTE Problems with news in ‘NEWS.md’: Cannot extract version info from the following section titles: Minor Changes Flavors: r-devel-linux-x86_64-debian-clang, r-devel-linux-x86_64-debian-gcc, r-devel-linux-x86_64-fedora-clang, r-devel-linux-x86_64-fedora-gcc, r-devel-windows-x86_64, r-patched-linux-x86_64, r-release-linux-x86_64, r-release-macos-arm64, r-release-macos-x86_64, r-release-windows-x86_64