Last updated on 2024-05-21 00:57:14 CEST.
Flavor | Version | Tinstall | Tcheck | Ttotal | Status | Flags |
---|---|---|---|---|---|---|
r-devel-linux-x86_64-debian-clang | 0.2.1 | 2.74 | 27.55 | 30.29 | NOTE | |
r-devel-linux-x86_64-debian-gcc | 0.2.1 | 2.40 | 21.40 | 23.80 | NOTE | |
r-devel-linux-x86_64-fedora-clang | 0.2.1 | 40.40 | NOTE | |||
r-devel-linux-x86_64-fedora-gcc | 0.2.1 | 36.27 | NOTE | |||
r-devel-windows-x86_64 | 0.2.1 | 5.00 | 46.00 | 51.00 | NOTE | |
r-patched-linux-x86_64 | 0.2.1 | 3.33 | 27.08 | 30.41 | NOTE | |
r-release-linux-x86_64 | 0.2.1 | 3.05 | 27.24 | 30.29 | NOTE | |
r-release-macos-arm64 | 0.2.1 | 18.00 | NOTE | |||
r-release-windows-x86_64 | 0.2.1 | 4.00 | 48.00 | 52.00 | NOTE | |
r-oldrel-macos-arm64 | 0.2.1 | 17.00 | NOTE | |||
r-oldrel-macos-x86_64 | 0.2.1 | 25.00 | NOTE | |||
r-oldrel-windows-x86_64 | 0.2.1 | 5.00 | 51.00 | 56.00 | NOTE |
Version: 0.2.1
Check: package subdirectories
Result: NOTE
Problems with news in ‘NEWS.md’:
Cannot extract version info from the following section titles:
Minor Changes
Flavors: r-devel-linux-x86_64-debian-clang, r-devel-linux-x86_64-debian-gcc, r-devel-linux-x86_64-fedora-clang, r-devel-linux-x86_64-fedora-gcc, r-devel-windows-x86_64, r-patched-linux-x86_64, r-release-linux-x86_64, r-release-macos-arm64, r-release-windows-x86_64, r-oldrel-macos-arm64, r-oldrel-macos-x86_64, r-oldrel-windows-x86_64