CRAN Package Check Results for Package kissmig

Last updated on 2024-02-24 16:48:23 CET.

Flavor Version Tinstall Tcheck Ttotal Status Flags
r-devel-linux-x86_64-debian-clang 1.0-4 27.11 256.67 283.78 NOTE
r-devel-linux-x86_64-debian-gcc 1.0-4 25.24 197.44 222.68 NOTE
r-devel-linux-x86_64-fedora-clang 1.0-4 359.31 OK
r-devel-linux-x86_64-fedora-gcc 1.0-4 354.89 OK
r-devel-windows-x86_64 1.0-4 26.00 168.00 194.00 OK
r-patched-linux-x86_64 1.0-4 29.74 247.37 277.11 OK
r-release-linux-x86_64 1.0-4 28.47 249.95 278.42 OK
r-release-macos-arm64 1.0-4 83.00 OK
r-release-macos-x86_64 1.0-4 158.00 OK
r-release-windows-x86_64 1.0-4 33.00 220.00 253.00 OK
r-oldrel-macos-arm64 1.0-4 78.00 OK
r-oldrel-windows-x86_64 1.0-4 35.00 216.00 251.00 OK

Check Details

Version: 1.0-4
Check: Rd files
Result: NOTE checkRd: (-1) kissmig.Rd:32: Lost braces 32 | migration in species distribution models (\doi{10.1111/ecog.00930}{Nobis and Normand 2014}). | ^ checkRd: (-1) kissmig.Rd:86: Lost braces 86 | \item{\doi{10.1111/ecog.00930}{Nobis MP and Normand S (2014)} KISSMig - a simple model for R to account for | ^ Flavors: r-devel-linux-x86_64-debian-clang, r-devel-linux-x86_64-debian-gcc