Last updated on 2024-04-28 09:53:51 CEST.
Flavor | Version | Tinstall | Tcheck | Ttotal | Status | Flags |
---|---|---|---|---|---|---|
r-devel-linux-x86_64-debian-clang | 1.0.4 | 3.54 | 31.40 | 34.94 | NOTE | |
r-devel-linux-x86_64-debian-gcc | 1.0.4 | 2.45 | 24.30 | 26.75 | NOTE | |
r-devel-linux-x86_64-fedora-clang | 1.0.4 | 45.53 | NOTE | |||
r-devel-linux-x86_64-fedora-gcc | 1.0.4 | 58.93 | NOTE | |||
r-devel-windows-x86_64 | 1.0.4 | 5.00 | 46.00 | 51.00 | NOTE | |
r-patched-linux-x86_64 | 1.0.4 | 2.26 | 31.02 | 33.28 | NOTE | |
r-release-linux-x86_64 | 1.0.4 | 2.01 | 29.57 | 31.58 | NOTE | |
r-release-macos-arm64 | 1.0.4 | 24.00 | NOTE | |||
r-release-windows-x86_64 | 1.0.4 | 5.00 | 48.00 | 53.00 | NOTE | |
r-oldrel-macos-arm64 | 1.0.4 | 26.00 | NOTE | |||
r-oldrel-macos-x86_64 | 1.0.4 | 35.00 | NOTE | |||
r-oldrel-windows-x86_64 | 1.0.4 | 5.00 | 46.00 | 51.00 | NOTE |
Version: 1.0.4
Check: LazyData
Result: NOTE
'LazyData' is specified without a 'data' directory
Flavors: r-devel-linux-x86_64-debian-clang, r-devel-linux-x86_64-debian-gcc, r-devel-linux-x86_64-fedora-clang, r-devel-linux-x86_64-fedora-gcc, r-devel-windows-x86_64, r-patched-linux-x86_64, r-release-linux-x86_64, r-release-macos-arm64, r-release-windows-x86_64, r-oldrel-macos-arm64, r-oldrel-macos-x86_64, r-oldrel-windows-x86_64