CRAN Package Check Results for Package klovan

Last updated on 2024-06-21 00:57:14 CEST.

Flavor Version Tinstall Tcheck Ttotal Status Flags
r-devel-linux-x86_64-debian-clang 0.1.0 12.62 122.35 134.97 NOTE
r-devel-linux-x86_64-debian-gcc 0.1.0 8.83 88.55 97.38 NOTE
r-devel-linux-x86_64-fedora-clang 0.1.0 171.38 NOTE
r-devel-linux-x86_64-fedora-gcc 0.1.0 170.76 NOTE
r-devel-windows-x86_64 0.1.0 10.00 106.00 116.00 NOTE
r-patched-linux-x86_64 0.1.0 12.07 113.61 125.68 NOTE
r-release-linux-x86_64 0.1.0 12.65 113.65 126.30 NOTE
r-release-macos-arm64 0.1.0 52.00 NOTE
r-release-macos-x86_64 0.1.0 77.00 NOTE
r-release-windows-x86_64 0.1.0 11.00 112.00 123.00 NOTE
r-oldrel-macos-arm64 0.1.0 59.00 NOTE
r-oldrel-macos-x86_64 0.1.0 139.00 NOTE
r-oldrel-windows-x86_64 0.1.0 13.00 130.00 143.00 NOTE

Check Details

Version: 0.1.0
Check: package dependencies
Result: NOTE Package suggested but not available for checking: ‘RGeostats’ Flavors: r-devel-linux-x86_64-debian-clang, r-devel-linux-x86_64-debian-gcc, r-devel-linux-x86_64-fedora-clang, r-devel-linux-x86_64-fedora-gcc, r-devel-windows-x86_64, r-patched-linux-x86_64, r-release-linux-x86_64, r-release-macos-arm64, r-release-macos-x86_64, r-release-windows-x86_64, r-oldrel-macos-arm64, r-oldrel-macos-x86_64, r-oldrel-windows-x86_64