CRAN Package Check Results for Package kmer

Last updated on 2024-02-26 08:48:48 CET.

Flavor Version Tinstall Tcheck Ttotal Status Flags
r-devel-linux-x86_64-debian-clang 1.1.2 22.38 50.52 72.90 NOTE
r-devel-linux-x86_64-debian-gcc 1.1.2 18.88 38.54 57.42 NOTE
r-devel-linux-x86_64-fedora-clang 1.1.2 100.86 NOTE
r-devel-linux-x86_64-fedora-gcc 1.1.2 107.08 NOTE
r-devel-windows-x86_64 1.1.2 20.00 78.00 98.00 NOTE
r-patched-linux-x86_64 1.1.2 27.04 48.93 75.97 NOTE
r-release-linux-x86_64 1.1.2 23.60 48.20 71.80 NOTE
r-release-macos-arm64 1.1.2 35.00 NOTE
r-release-macos-x86_64 1.1.2 63.00 NOTE
r-release-windows-x86_64 1.1.2 24.00 88.00 112.00 NOTE
r-oldrel-macos-arm64 1.1.2 32.00 NOTE
r-oldrel-windows-x86_64 1.1.2 25.00 92.00 117.00 NOTE

Check Details

Version: 1.1.2
Check: C++ specification
Result: NOTE Specified C++11: please drop specification unless essential Flavors: r-devel-linux-x86_64-debian-clang, r-devel-linux-x86_64-debian-gcc, r-devel-linux-x86_64-fedora-clang, r-devel-linux-x86_64-fedora-gcc, r-devel-windows-x86_64, r-patched-linux-x86_64, r-release-linux-x86_64, r-release-macos-arm64, r-release-macos-x86_64, r-release-windows-x86_64

Version: 1.1.2
Check: LazyData
Result: NOTE 'LazyData' is specified without a 'data' directory Flavors: r-devel-linux-x86_64-debian-clang, r-devel-linux-x86_64-debian-gcc, r-devel-linux-x86_64-fedora-clang, r-devel-linux-x86_64-fedora-gcc, r-devel-windows-x86_64, r-patched-linux-x86_64, r-release-linux-x86_64, r-release-macos-arm64, r-release-macos-x86_64, r-release-windows-x86_64, r-oldrel-macos-arm64, r-oldrel-windows-x86_64