CRAN Package Check Results for Package knockoff

Last updated on 2024-02-23 00:59:32 CET.

Flavor Version Tinstall Tcheck Ttotal Status Flags
r-devel-linux-x86_64-debian-clang 0.3.6 NOTE
r-devel-linux-x86_64-debian-gcc 0.3.6 2.61 116.11 118.72 NOTE
r-devel-linux-x86_64-fedora-clang 0.3.6 187.52 OK
r-devel-linux-x86_64-fedora-gcc 0.3.6 203.82 OK
r-devel-windows-x86_64 0.3.6 4.00 198.00 202.00 OK
r-patched-linux-x86_64 0.3.6 5.19 143.87 149.06 OK
r-release-linux-x86_64 0.3.6 3.85 150.41 154.26 OK
r-release-macos-arm64 0.3.6 71.00 OK
r-release-macos-x86_64 0.3.6 115.00 OK
r-release-windows-x86_64 0.3.6 6.00 228.00 234.00 OK
r-oldrel-macos-arm64 0.3.6 68.00 OK
r-oldrel-windows-x86_64 0.3.6 5.00 237.00 242.00 OK

Check Details

Version: 0.3.6
Check: Rd files
Result: NOTE checkRd: (-1) knockoff.Rd:22-24: Lost braces in \itemize; meant \describe ? checkRd: (-1) knockoff.Rd:25-27: Lost braces in \itemize; meant \describe ? Flavors: r-devel-linux-x86_64-debian-clang, r-devel-linux-x86_64-debian-gcc