CRAN Package Check Results for Package kntnr

Last updated on 2024-03-03 01:00:47 CET.

Flavor Version Tinstall Tcheck Ttotal Status Flags
r-devel-linux-x86_64-debian-clang 0.4.4 4.34 47.62 51.96 NOTE
r-devel-linux-x86_64-debian-gcc 0.4.4 4.00 36.18 40.18 NOTE
r-devel-linux-x86_64-fedora-clang 0.4.4 65.01 NOTE
r-devel-linux-x86_64-fedora-gcc 0.4.4 61.99 NOTE
r-devel-windows-x86_64 0.4.4 6.00 57.00 63.00 NOTE
r-patched-linux-x86_64 0.4.4 3.38 46.77 50.15 NOTE
r-release-linux-x86_64 0.4.4 3.00 45.85 48.85 NOTE
r-release-macos-arm64 0.4.4 24.00 NOTE
r-release-macos-x86_64 0.4.4 35.00 NOTE
r-release-windows-x86_64 0.4.4 8.00 64.00 72.00 NOTE
r-oldrel-macos-arm64 0.4.4 25.00 NOTE
r-oldrel-windows-x86_64 0.4.4 7.00 71.00 78.00 NOTE

Check Details

Version: 0.4.4
Check: LazyData
Result: NOTE 'LazyData' is specified without a 'data' directory Flavors: r-devel-linux-x86_64-debian-clang, r-devel-linux-x86_64-debian-gcc, r-devel-linux-x86_64-fedora-clang, r-devel-linux-x86_64-fedora-gcc, r-devel-windows-x86_64, r-patched-linux-x86_64, r-release-linux-x86_64, r-release-macos-arm64, r-release-macos-x86_64, r-release-windows-x86_64, r-oldrel-macos-arm64, r-oldrel-windows-x86_64